{"id":848,"date":"2026-03-02T01:57:46","date_gmt":"2026-03-01T22:57:46","guid":{"rendered":"https:\/\/www.marmaraadasi.org\/?page_id=848"},"modified":"2026-03-02T02:12:54","modified_gmt":"2026-03-01T23:12:54","slug":"zeytincilik","status":"publish","type":"page","link":"https:\/\/www.marmaraadasi.org\/index.php\/zeytincilik\/","title":{"rendered":"Zeytincilik"},"content":{"rendered":"\n<div class=\"wp-block-columns alignwide are-vertically-aligned-top is-layout-flex wp-container-core-columns-is-layout-28f84493 wp-block-columns-is-layout-flex\">\n<div class=\"wp-block-column is-vertically-aligned-top is-layout-flow wp-block-column-is-layout-flow\" style=\"flex-basis:100%\">\n<div class=\"wp-block-stackable-columns stk-block-columns stk-block stk-c494330\" data-block-id=\"c494330\"><div class=\"stk-row stk-inner-blocks stk-block-content stk-content-align stk-c494330-column\">\n<div class=\"wp-block-stackable-column stk-block-column stk-column stk-block stk-62c380a\" data-v=\"4\" data-block-id=\"62c380a\"><div class=\"stk-column-wrapper stk-block-column__content stk-container stk-62c380a-container stk--no-background stk--no-padding\"><div class=\"stk-block-content stk-inner-blocks stk-62c380a-inner-blocks\">\n<div class=\"wp-block-stackable-hero alignwide stk-block-hero stk-block stk-ea81545 stk-block-background is-style-default stk--has-background-overlay\" data-v=\"2\" data-block-id=\"ea81545\"><style>.stk-ea81545 {background-image:url(https:\/\/www.marmaraadasi.org\/wp-content\/uploads\/2026\/03\/IMG_6356-scaled.jpg) !important;border-style:solid !important;border-top-width:0px !important;border-right-width:0px !important;border-bottom-width:0px !important;border-left-width:0px !important;}.stk-ea81545 .stk-block-hero__content{min-height:459px !important;align-items:center !important;max-width:387px !important;min-width:auto !important;display:flex !important;}<\/style><div class=\"stk-block-hero__content stk-content-align stk-ea81545-column alignwide stk-container stk-ea81545-container stk--no-background stk--no-padding\"><div class=\"stk-block-content stk-inner-blocks has-text-align-center stk-ea81545-inner-blocks\">\n<div class=\"wp-block-stackable-heading stk-block-heading stk-block-heading--v2 stk-block stk-3a77e79\" id=\"strong-span-style-color-fffffe-class-stk-highlight-marmara-adasinda-zeytin-span-strong\" data-block-id=\"3a77e79\"><h2 class=\"stk-block-heading__text\"><strong><span style=\"color: #fffffe;\" class=\"stk-highlight\">Marmara Adas\u0131\u2019nda \u00a0Zeytin<\/span><\/strong><\/h2><\/div>\n\n\n\n<div class=\"wp-block-stackable-text stk-block-text stk-block stk-fab7bad\" data-block-id=\"fab7bad\"><p class=\"stk-block-text__text\"><\/p><\/div>\n<\/div><\/div><\/div>\n<\/div><\/div><\/div>\n<\/div><\/div>\n<\/div>\n<\/div>\n\n\n\n<p>Marmara Adas\u0131\u2019nda zeytincilik, sadece bir tar\u0131m faaliyeti de\u011fil; Rumlardan g\u00fcn\u00fcm\u00fcze uzanan, m\u00fcbadeleyle zenginle\u015fen ve kooperatifle\u015fmeyle g\u00fc\u00e7lenen devasa bir k\u00fclt\u00fcrel mirast\u0131r.<\/p>\n\n\n\n<p><strong>K\u00f6kl\u00fc Ge\u00e7mi\u015f: Rumlardan Girit T\u00fcrkerine<\/strong><\/p>\n\n\n\n<p>Adada zeytincili\u011fin k\u00f6kenleri, Rum halk\u0131n\u0131n burada ya\u015fad\u0131\u011f\u0131 antik d\u00f6nemlere dek uzan\u0131r. 1924 y\u0131l\u0131nda imzalanan <strong>Lozan Antla\u015fmas\u0131<\/strong> ile adaya yerle\u015ftirilen Girit T\u00fcrkleri i\u00e7in zeytincilik, adadaki yeni ya\u015famlar\u0131n\u0131n en temel ge\u00e7im kayna\u011f\u0131 olmu\u015ftur.<\/p>\n\n\n\n<p>\u0130lk y\u0131llarda \u00fcreticiler, Rumlardan miras kalan veya yeni in\u015fa ettikleri sarn\u0131\u00e7larda ve ya\u011f k\u00fcplerinde kendi zeytinlerini de\u011ferlendirirdi.O d\u00f6nemlerde zeytin ticareti yapmak olduk\u00e7a g\u00fc\u00e7t\u00fc ve \u00fcreticiler emeklerinin kar\u015f\u0131l\u0131\u011f\u0131n\u0131 almakta zorlan\u0131yordu.<\/p>\n\n\n\n<p>Bireysel \u00e7abalar\u0131n yetersiz kald\u0131\u011f\u0131 1960\u2019l\u0131 y\u0131llarda, adan\u0131n ileri gelen zeytincileri <strong>Erdek Zeytin Tar\u0131m Sat\u0131\u015f Kooperatifine<\/strong> \u00fcye olarak b\u00fcy\u00fck bir d\u00f6n\u00fc\u015f\u00fcm\u00fc ba\u015flatt\u0131.<\/p>\n\n\n\n<p><strong>Posta Motoru G\u00fcnleri:<\/strong> Zeytinler toplan\u0131p ertesi g\u00fcn posta motorlar\u0131yla Erdek\u2019e ta\u015f\u0131n\u0131rd\u0131. Ancak f\u0131rt\u0131nal\u0131 havalarda ula\u015f\u0131m aksad\u0131\u011f\u0131nda, \u00fcr\u00fcnlerin sarn\u0131\u00e7larda bekletilmesi kaliteyi olumsuz etkiliyordu.<\/p>\n\n\n\n<p><strong>Kendi G\u00fcc\u00fcm\u00fcz:<\/strong> Adadaki \u00fcretim potansiyelinin artmas\u0131yla birlikte, 30 Aral\u0131k 1988 tarihinde 996 Say\u0131l\u0131 <strong>Marmara Adas\u0131 Zeytin Tar\u0131m Sat\u0131\u015f Kooperatifi<\/strong> resmen kuruldu.<\/p>\n\n\n\n<p><strong>Kurumsalla\u015fma ve B\u00fcy\u00fcme<\/strong><\/p>\n\n\n\n<p>\u0130lk y\u0131l\u0131nda 182 ton zeytin al\u0131m\u0131yla i\u015fe ba\u015flayan kooperatif, d\u00f6nemin Belediye Ba\u015fkan\u0131 <strong>Halil R\u00fc\u015ft\u00fc K\u0131r\u0131k<\/strong>&#8216;\u0131n b\u00fcy\u00fck emekleriyle 1990 y\u0131l\u0131nda kendi arsas\u0131na kavu\u015ftu.<\/p>\n\n\n\n<p><strong>Modern Tesis:<\/strong> 1993 y\u0131l\u0131n\u0131n Temmuz ay\u0131nda tamamlanan modern idari bina ve depolar\u0131na ta\u015f\u0131nan kooperatif, b\u00f6lge \u00fcreticisi i\u00e7in g\u00fcven noktas\u0131 oldu.<\/p>\n\n\n\n<p><strong>Marmarabirlik G\u00fcc\u00fc:<\/strong> Kooperatifimiz, 1954 y\u0131l\u0131nda kurulan ve \u0130znik&#8217;ten M\u00fcrefte&#8217;ye kadar uzanan dev bir a\u011f olan <strong>Marmarabirlik<\/strong> (Marmara Zeytin Tar\u0131m Sat\u0131\u015f Kooperatifleri Birli\u011fi) ailesinin gururlu bir \u00fcyesidir.<\/p>\n\n\n\n<p><strong>&nbsp;Eme\u011fin Mimarlar\u0131: Kurucu Ortaklar\u0131m\u0131z<\/strong><\/p>\n\n\n\n<p>Bug\u00fcn binlerce a\u011fac\u0131n bereketini sofralara ula\u015ft\u0131ran kooperatifimizin temelini atan vizyoner kurucular\u0131m\u0131z:<\/p>\n\n\n\n<ul class=\"wp-block-list\">\n<li><strong>Halil R\u00fc\u015ft\u00fc K\u0131r\u0131k<\/strong><\/li>\n\n\n\n<li><strong>Emin Toks\u00f6z<\/strong><\/li>\n\n\n\n<li><strong>Ali Aksu<\/strong><\/li>\n\n\n\n<li><strong>Zeki \u00d6zkan<\/strong><\/li>\n\n\n\n<li><strong>Ali \u00d6zkaya<\/strong><\/li>\n\n\n\n<li><strong>Osman Bozkurt<\/strong><\/li>\n\n\n\n<li><strong>Rahmi G\u00fcndo\u011fan<\/strong><\/li>\n\n\n\n<li><strong>Kadir Algan<\/strong><\/li>\n\n\n\n<li><strong>Recep \u00c7elikli<\/strong><\/li>\n\n\n\n<li><strong>Mustafa Mersin<\/strong><\/li>\n<\/ul>\n\n\n\n<p><strong>Marmara Adas\u0131 Zeytin Kooperatifi<\/strong>, kuruldu\u011fu g\u00fcnden bu yana adan\u0131n iklimiyle harmanlanan, e\u015fsiz aromal\u0131 zeytinleri korumaya ve \u00fcreticinin eme\u011fini de\u011fer k\u0131lmaya devam etmektedir.<\/p>\n","protected":false},"excerpt":{"rendered":"<p>Marmara Adas\u0131\u2019nda \u00a0Zeytin Marmara Adas\u0131\u2019nda zeytincilik, sadece bir tar\u0131m faaliyeti de\u011fil; Rumlardan g\u00fcn\u00fcm\u00fcze uzanan, m\u00fcbadeleyle zenginle\u015fen ve kooperatifle\u015fmeyle g\u00fc\u00e7lenen devasa bir k\u00fclt\u00fcrel mirast\u0131r. K\u00f6kl\u00fc Ge\u00e7mi\u015f: Rumlardan Girit T\u00fcrkerine Adada zeytincili\u011fin k\u00f6kenleri, Rum halk\u0131n\u0131n burada ya\u015fad\u0131\u011f\u0131 antik d\u00f6nemlere dek uzan\u0131r. 1924 y\u0131l\u0131nda imzalanan Lozan Antla\u015fmas\u0131 ile adaya yerle\u015ftirilen Girit T\u00fcrkleri i\u00e7in zeytincilik, adadaki yeni ya\u015famlar\u0131n\u0131n en [&hellip;]<\/p>\n","protected":false},"author":2,"featured_media":0,"parent":0,"menu_order":0,"comment_status":"closed","ping_status":"closed","template":"","meta":{"footnotes":""},"class_list":["post-848","page","type-page","status-publish","hentry"],"blocksy_meta":[],"_links":{"self":[{"href":"https:\/\/www.marmaraadasi.org\/index.php\/wp-json\/wp\/v2\/pages\/848","targetHints":{"allow":["GET"]}}],"collection":[{"href":"https:\/\/www.marmaraadasi.org\/index.php\/wp-json\/wp\/v2\/pages"}],"about":[{"href":"https:\/\/www.marmaraadasi.org\/index.php\/wp-json\/wp\/v2\/types\/page"}],"author":[{"embeddable":true,"href":"https:\/\/www.marmaraadasi.org\/index.php\/wp-json\/wp\/v2\/users\/2"}],"replies":[{"embeddable":true,"href":"https:\/\/www.marmaraadasi.org\/index.php\/wp-json\/wp\/v2\/comments?post=848"}],"version-history":[{"count":6,"href":"https:\/\/www.marmaraadasi.org\/index.php\/wp-json\/wp\/v2\/pages\/848\/revisions"}],"predecessor-version":[{"id":858,"href":"https:\/\/www.marmaraadasi.org\/index.php\/wp-json\/wp\/v2\/pages\/848\/revisions\/858"}],"wp:attachment":[{"href":"https:\/\/www.marmaraadasi.org\/index.php\/wp-json\/wp\/v2\/media?parent=848"}],"curies":[{"name":"wp","href":"https:\/\/api.w.org\/{rel}","templated":true}]}}

<div class="wp-block-columns alignwide are-vertically-aligned-top is-layout-flex wp-container-core-columns-is-layout-28f84493 wp-block-columns-is-layout-flex">
<div class="wp-block-column is-vertically-aligned-top is-layout-flow wp-block-column-is-layout-flow" style="flex-basis:100%">
<div class="wp-block-stackable-columns stk-block-columns stk-block stk-c494330" data-block-id="c494330"><div class="stk-row stk-inner-blocks stk-block-content stk-content-align stk-c494330-column">
<div class="wp-block-stackable-column stk-block-column stk-column stk-block stk-62c380a" data-v="4" data-block-id="62c380a"><div class="stk-column-wrapper stk-block-column__content stk-container stk-62c380a-container stk--no-background stk--no-padding"><div class="stk-block-content stk-inner-blocks stk-62c380a-inner-blocks">
<div class="wp-block-stackable-hero alignwide stk-block-hero stk-block stk-ea81545 stk-block-background is-style-default stk--has-background-overlay" data-v="2" data-block-id="ea81545"><style>.stk-ea81545 {background-image:url(https://www.marmaraadasi.org/wp-content/uploads/2026/03/IMG_6356-scaled.jpg) !important;border-style:solid !important;border-top-width:0px !important;border-right-width:0px !important;border-bottom-width:0px !important;border-left-width:0px !important;}.stk-ea81545 .stk-block-hero__content{min-height:459px !important;align-items:center !important;max-width:387px !important;min-width:auto !important;display:flex !important;}</style><div class="stk-block-hero__content stk-content-align stk-ea81545-column alignwide stk-container stk-ea81545-container stk--no-background stk--no-padding"><div class="stk-block-content stk-inner-blocks has-text-align-center stk-ea81545-inner-blocks">
<div class="wp-block-stackable-heading stk-block-heading stk-block-heading--v2 stk-block stk-3a77e79" id="strong-span-style-color-fffffe-class-stk-highlight-marmara-adasinda-zeytin-span-strong" data-block-id="3a77e79"><h2 class="stk-block-heading__text"><strong><span style="color: #fffffe;" class="stk-highlight">Marmara Adası’nda  Zeytin</span></strong></h2></div>



<div class="wp-block-stackable-text stk-block-text stk-block stk-fab7bad" data-block-id="fab7bad"><p class="stk-block-text__text"></p></div>
</div></div></div>
</div></div></div>
</div></div>
</div>
</div>



<p>Marmara Adası’nda zeytincilik, sadece bir tarım faaliyeti değil; Rumlardan günümüze uzanan, mübadeleyle zenginleşen ve kooperatifleşmeyle güçlenen devasa bir kültürel mirastır.</p>



<p><strong>Köklü Geçmiş: Rumlardan Girit Türkerine</strong></p>



<p>Adada zeytinciliğin kökenleri, Rum halkının burada yaşadığı antik dönemlere dek uzanır. 1924 yılında imzalanan <strong>Lozan Antlaşması</strong> ile adaya yerleştirilen Girit Türkleri için zeytincilik, adadaki yeni yaşamlarının en temel geçim kaynağı olmuştur.</p>



<p>İlk yıllarda üreticiler, Rumlardan miras kalan veya yeni inşa ettikleri sarnıçlarda ve yağ küplerinde kendi zeytinlerini değerlendirirdi.O dönemlerde zeytin ticareti yapmak oldukça güçtü ve üreticiler emeklerinin karşılığını almakta zorlanıyordu.</p>



<p>Bireysel çabaların yetersiz kaldığı 1960’lı yıllarda, adanın ileri gelen zeytincileri <strong>Erdek Zeytin Tarım Satış Kooperatifine</strong> üye olarak büyük bir dönüşümü başlattı.</p>



<p><strong>Posta Motoru Günleri:</strong> Zeytinler toplanıp ertesi gün posta motorlarıyla Erdek’e taşınırdı. Ancak fırtınalı havalarda ulaşım aksadığında, ürünlerin sarnıçlarda bekletilmesi kaliteyi olumsuz etkiliyordu.</p>



<p><strong>Kendi Gücümüz:</strong> Adadaki üretim potansiyelinin artmasıyla birlikte, 30 Aralık 1988 tarihinde 996 Sayılı <strong>Marmara Adası Zeytin Tarım Satış Kooperatifi</strong> resmen kuruldu.</p>



<p><strong>Kurumsallaşma ve Büyüme</strong></p>



<p>İlk yılında 182 ton zeytin alımıyla işe başlayan kooperatif, dönemin Belediye Başkanı <strong>Halil Rüştü Kırık</strong>&#8216;ın büyük emekleriyle 1990 yılında kendi arsasına kavuştu.</p>



<p><strong>Modern Tesis:</strong> 1993 yılının Temmuz ayında tamamlanan modern idari bina ve depolarına taşınan kooperatif, bölge üreticisi için güven noktası oldu.</p>



<p><strong>Marmarabirlik Gücü:</strong> Kooperatifimiz, 1954 yılında kurulan ve İznik&#8217;ten Mürefte&#8217;ye kadar uzanan dev bir ağ olan <strong>Marmarabirlik</strong> (Marmara Zeytin Tarım Satış Kooperatifleri Birliği) ailesinin gururlu bir üyesidir.</p>



<p><strong>&nbsp;Emeğin Mimarları: Kurucu Ortaklarımız</strong></p>



<p>Bugün binlerce ağacın bereketini sofralara ulaştıran kooperatifimizin temelini atan vizyoner kurucularımız:</p>



<ul class="wp-block-list">
<li><strong>Halil Rüştü Kırık</strong></li>



<li><strong>Emin Toksöz</strong></li>



<li><strong>Ali Aksu</strong></li>



<li><strong>Zeki Özkan</strong></li>



<li><strong>Ali Özkaya</strong></li>



<li><strong>Osman Bozkurt</strong></li>



<li><strong>Rahmi Gündoğan</strong></li>



<li><strong>Kadir Algan</strong></li>



<li><strong>Recep Çelikli</strong></li>



<li><strong>Mustafa Mersin</strong></li>
</ul>



<p><strong>Marmara Adası Zeytin Kooperatifi</strong>, kurulduğu günden bu yana adanın iklimiyle harmanlanan, eşsiz aromalı zeytinleri korumaya ve üreticinin emeğini değer kılmaya devam etmektedir.</p>

<p>Marmara Adası’nda  Zeytin Marmara Adası’nda zeytincilik, sadece bir tarım faaliyeti değil; Rumlardan günümüze uzanan, mübadeleyle zenginleşen ve kooperatifleşmeyle güçlenen devasa bir kültürel mirastır. Köklü Geçmiş: Rumlardan Girit Türkerine Adada zeytinciliğin kökenleri, Rum halkının burada yaşadığı antik dönemlere dek uzanır. 1924 yılında imzalanan Lozan Antlaşması ile adaya yerleştirilen Girit Türkleri için zeytincilik, adadaki yeni yaşamlarının en [&hellip;]</p>
